{"id":225,"date":"2026-04-02T09:37:20","date_gmt":"2026-04-02T09:37:20","guid":{"rendered":"https:\/\/caynhalavuon.azdigi.shop\/?post_type=product&#038;p=225"},"modified":"2026-04-02T14:09:04","modified_gmt":"2026-04-02T14:09:04","slug":"225","status":"publish","type":"product","link":"https:\/\/caynhalavuon.azdigi.shop\/index.php\/san-pham\/225\/","title":{"rendered":"B\u1ed9 \u1ea4m Tr\u00e0 Thu\u1ef7 Tinh \u0110\u1ed1i \u1ea8m"},"content":{"rendered":"<h2>S\u1ef1 k\u1ebft h\u1ee3p tinh t\u1ebf t\u1eeb \u1ea5m th\u1ee7y tinh v\u1edbi khay tr\u00e0 tre t\u1ef1 nhi\u00ean<\/h2>\n<p>\u0110\u1ed1i v\u1edbi ng\u01b0\u1eddi u\u1ed1ng tr\u00e0, nh\u1eadn \u0111\u01b0\u1ee3c h\u1ed9p qu\u00e0 l\u00e0 b\u1ed9 \u1ea5m th\u1ee7y tinh trong su\u1ed1t nh\u01b0 pha l\u00ea, m\u1ecfng nh\u1eb9, l\u1ea1 m\u1eaft, c\u00f4ng n\u0103ng t\u1ed1t, l\u1ea1i k\u1ebft h\u1ee3p v\u1edbi c\u1ea3 khay tr\u00e0 b\u1eb1ng tre t\u1ef1 nhi\u00ean th\u00ec c\u00f2n g\u00ec th\u00edch th\u00fa b\u1eb1ng. Hi\u1ec3u \u0111\u01b0\u1ee3c \u0111i\u1ec1u \u1ea5y, Tr\u00e0 Vi\u1ec7t v\u1edbi 13 n\u0103m kinh nghi\u1ec7m trong ng\u00e0nh tr\u00e0 \u2013 qu\u00e0 t\u1eb7ng \u0111\u00e3 cho ra \u0111\u1eddi d\u00f2ng s\u1ea3n ph\u1ea9m\u00a0qu\u00e0 t\u1eb7ng tr\u00e0\u00a0k\u1ebft h\u1ee3p gi\u1eefa \u1ea5m \u0111\u1eb9p v\u00e0 khay tre pha tr\u00e0 thanh l\u1ecbch. M\u1ed9t m\u00f3n qu\u00e0 c\u1ee7a s\u1ef1 chu \u0111\u00e1o v\u00e0 chuy\u00ean nghi\u1ec7p.<\/p>\n<p>B\u1ed9 \u1ea5m ch\u00e9n thu\u1ef7 tinh L\u1ee5c \u1ea8m\u00a0c\u00f3 k\u00edch th\u01b0\u1edbc 39 x 22 x 10cm. B\u00ean ngo\u00e0i l\u00e0 h\u1ed9p qu\u00e0 c\u1ee9ng, sang tr\u1ecdng b\u1eb1ng ch\u1ea5t li\u1ec7u gi\u1ea5y m\u1ef9 thu\u1eadt \u0111en \u2013 \u0111\u1ecf. Hoa v\u0103n \u00e9p kim nh\u0169 v\u00e0ng sang tr\u1ecdng. B\u00ean trong g\u1ed3m 1 khay tre \u00e9p c\u00f3 kich th\u01b0\u1edbc 39 x 22 x 10cm. M\u1ed9t \u1ea5m pha tr\u00e0 v\u00e0 s\u00e1u ch\u00e9n u\u1ed1ng tr\u00e0 b\u1eb1ng thu\u1ef7 tinh cao c\u1ea5p, trong su\u1ed1t, \u0111\u01b0\u1ee3c l\u00e0m th\u1ee7 c\u00f4ng ho\u00e0n to\u00e0n.<\/p>\n<div id=\"attachment_2891\" class=\"wp-caption aligncenter\">\n<p>\u00a0 \u00a0 \u00a0 \u00a0 \u00a0 \u00a0 \u00a0 \u00a0 \u00a0 \u00a0 \u00a0 \u00a0 \u00a0 \u00a0 \u00a0 \u00a0 \u00a0 \u00a0 \u00a0 \u00a0 \u00a0 \u00a0 \u00a0 \u00a0 \u00a0 \u00a0 <img loading=\"lazy\" decoding=\"async\" class=\"wp-image-2891 size-large\" src=\"https:\/\/www.traviet.com\/wp-content\/uploads\/2017\/05\/banner-am-chen-thuy-tinh-2-1200x527.jpg\" sizes=\"auto, (max-width: 900px) 100vw, 900px\" srcset=\"https:\/\/www.traviet.com\/wp-content\/uploads\/2017\/05\/banner-am-chen-thuy-tinh-2-1200x527.jpg 1200w, https:\/\/www.traviet.com\/wp-content\/uploads\/2017\/05\/banner-am-chen-thuy-tinh-2-800x351.jpg 800w, https:\/\/www.traviet.com\/wp-content\/uploads\/2017\/05\/banner-am-chen-thuy-tinh-2-500x220.jpg 500w, https:\/\/www.traviet.com\/wp-content\/uploads\/2017\/05\/banner-am-chen-thuy-tinh-2-620x272.jpg 620w, https:\/\/www.traviet.com\/wp-content\/uploads\/2017\/05\/banner-am-chen-thuy-tinh-2-768x337.jpg 768w, https:\/\/www.traviet.com\/wp-content\/uploads\/2017\/05\/banner-am-chen-thuy-tinh-2-570x250.jpg 570w, https:\/\/www.traviet.com\/wp-content\/uploads\/2017\/05\/banner-am-chen-thuy-tinh-2.jpg 1366w\" alt=\"\u00c1m ch\u00e9n th\u1ee7y tinh\" width=\"900\" height=\"395\" aria-describedby=\"caption-attachment-2891\" \/><\/p>\n<p id=\"caption-attachment-2891\" class=\"wp-caption-text\">B\u1ed9 \u1ea5m ch\u00e9n thu\u1ef7 tinh k\u1ebft h\u1ee3p v\u1edbi khay tr\u00e0 tre \u00e9p thanh l\u1ecbch<\/p>\n<\/div>\n<h2>T\u1ea1i sao n\u00ean ch\u1ecdn \u1ea5m ch\u00e9n th\u1ee7y tinh?<\/h2>\n<p>\u1ea4m\u00a0<a href=\"https:\/\/vi.wikipedia.org\/wiki\/Th%E1%BB%A7y_tinh\">thu\u1ef7 tinh<\/a>\u00a0v\u1ed1n \u0111\u01b0\u1ee3c coi l\u00e0 c\u00e1i \u1ea5m trung th\u1ef1c, ph\u1ea3n \u00e1nh \u0111\u00fang ph\u1ea9m ch\u1ea5t c\u1ee7a tr\u00e0. N\u00f3 kh\u00f4ng b\u1ecb \u1ea3nh h\u01b0\u1edfng b\u1edfi m\u00f9i v\u1ecb c\u1ee7a c\u00e1c lo\u1ea1i tr\u00e0 b\u1ea1n \u0111\u00e3 t\u1eebng pha tr\u01b0\u1edbc \u0111\u00f3. B\u1ea1n c\u00f3 th\u1ec3 d\u1ec5 d\u00e0ng pha nhi\u1ec1u lo\u1ea1i tr\u00e0 kh\u00e1c nhau ch\u1ec9 v\u1edbi m\u1ed9t b\u1ed9 \u1ea5m th\u1ee7y tinh xinh x\u1eafn. V\u1eeba \u0111\u1eb9p m\u1eaft l\u1ea1i v\u1eeba chuy\u00ean nghi\u1ec7p.<\/p>\n<p>L\u1ee3i th\u1ebf c\u1ee7a \u1ea5m th\u1ee7y tinh l\u00e0 n\u00f3 trong su\u1ed1t, n\u00ean b\u1ea1n c\u00f3 th\u1ec3 d\u1ec5 d\u00e0ng quan s\u00e1t l\u01b0\u1ee3ng tr\u00e0, l\u01b0\u1ee3ng n\u01b0\u1edbc trong \u1ea5m. \u0110i\u1ec1u tuy\u1ec7t v\u1eddi nh\u1ea5t l\u00e0 b\u1ea1n c\u00f3 th\u1ec3 chi\u00eam ng\u01b0\u1ee1ng qu\u00e1 tr\u00ecnh l\u00e1 tr\u00e0 t\u1eeb t\u1eeb n\u1edf ra b\u00ean trong \u1ea5m. M\u1ed9t \u0111i\u1ec1u m\u00e0 c\u00e1c lo\u1ea1i \u1ea5m ch\u00e9n kh\u00e1c kh\u00f4ng c\u00f3 \u0111\u01b0\u1ee3c.<\/p>\n<p>M\u1ed7i chi\u1ebfc \u1ea5m l\u00e0 m\u1ed9t t\u00e1c ph\u1ea9m \u0111\u1ed9c nh\u1ea5t \u0111\u01b0\u1ee3c t\u1ea1o ra t\u1eeb b\u00e0n tay v\u00e0 h\u01a1i th\u1edf c\u1ee7a ng\u01b0\u1eddi th\u1ee3 l\u00e0nh ngh\u1ec1, v\u1edbi k\u1ef9 thu\u1eadt th\u1ed5i thu\u1ef7 tinh truy\u1ec1n th\u1ed1ng kh\u00f4ng d\u00f9ng \u0111\u1ebfn b\u1ea5t k\u1ef3 m\u1ed9t c\u00f4ng c\u1ee5 m\u00e1y m\u00f3c n\u00e0o.<\/p>\n<p>B\u1ed9 \u1ea5m th\u1ee7y tinh c\u1ee7a Tr\u00e0 Vi\u1ec7t c\u00f3 h\u00ecnh d\u00e1ng c\u00e2n \u0111\u1ed1i, h\u00e0i h\u00f2a, thanh l\u1ecbch. V\u00f2i \u1ea5m c\u00f3 l\u00f2 xo b\u1eb1ng inox n\u00ean c\u00f3 \u0111\u1ed9 tho\u00e1t n\u01b0\u1edbc nhanh, l\u1ea1i r\u1ea5t d\u1ec5 d\u00e0ng v\u1ec7 sinh v\u00f2i \u1ea5m. \u1ea4m th\u1ee7y tinh c\u00f3 \u0111\u1ed9 m\u1ecfng \u0111\u1ec1u, c\u00e2n \u0111\u1ed1i, trong su\u1ed1t nh\u01b0 pha l\u00ea, th\u1ec3 hi\u1ec7n t\u1ed1t m\u00e0u n\u01b0\u1edbc tr\u00e0 v\u00e0 gi\u1eef \u0111\u01b0\u1ee3c h\u01b0\u01a1ng v\u1ecb th\u01a1m ngon c\u1ee7a tr\u00e0.<\/p>\n<h2><img loading=\"lazy\" decoding=\"async\" class=\"wp-image-2691 size-large aligncenter\" src=\"https:\/\/www.traviet.com\/wp-content\/uploads\/2017\/04\/hop-qua-luc-am-am-thuy-tinh-2-1200x1200.jpg\" sizes=\"auto, (max-width: 900px) 100vw, 900px\" srcset=\"https:\/\/www.traviet.com\/wp-content\/uploads\/2017\/04\/hop-qua-luc-am-am-thuy-tinh-2-1200x1200.jpg 1200w, https:\/\/www.traviet.com\/wp-content\/uploads\/2017\/04\/hop-qua-luc-am-am-thuy-tinh-2-300x300.jpg 300w, https:\/\/www.traviet.com\/wp-content\/uploads\/2017\/04\/hop-qua-luc-am-am-thuy-tinh-2-800x800.jpg 800w, https:\/\/www.traviet.com\/wp-content\/uploads\/2017\/04\/hop-qua-luc-am-am-thuy-tinh-2-500x500.jpg 500w, https:\/\/www.traviet.com\/wp-content\/uploads\/2017\/04\/hop-qua-luc-am-am-thuy-tinh-2-400x400.jpg 400w, https:\/\/www.traviet.com\/wp-content\/uploads\/2017\/04\/hop-qua-luc-am-am-thuy-tinh-2-620x620.jpg 620w, https:\/\/www.traviet.com\/wp-content\/uploads\/2017\/04\/hop-qua-luc-am-am-thuy-tinh-2-768x768.jpg 768w, https:\/\/www.traviet.com\/wp-content\/uploads\/2017\/04\/hop-qua-luc-am-am-thuy-tinh-2-100x100.jpg 100w, https:\/\/www.traviet.com\/wp-content\/uploads\/2017\/04\/hop-qua-luc-am-am-thuy-tinh-2-570x570.jpg 570w, https:\/\/www.traviet.com\/wp-content\/uploads\/2017\/04\/hop-qua-luc-am-am-thuy-tinh-2.jpg 1600w\" alt=\"B\u1ed9 \u1ea5m th\u1ee7y tinh\" width=\"900\" height=\"900\" \/><\/h2>\n","protected":false},"excerpt":{"rendered":"<p>B\u1ed9 \u1ea5m thu\u1ef7 tinh L\u1ee5c \u1ea8m \u00a0c\u00f3 k\u00edch th\u01b0\u1edbc 39 x 22 x 10cm. B\u00ean ngo\u00e0i l\u00e0 h\u1ed9p qu\u00e0 c\u1ee9ng, sang tr\u1ecdng b\u1eb1ng ch\u1ea5t li\u1ec7u gi\u1ea5y m\u1ef9 thu\u1eadt \u0111en \u2013 \u0111\u1ecf. Hoa v\u0103n \u00e9p kim nh\u0169 v\u00e0ng sang tr\u1ecdng.<\/p>\n<p>B\u00ean trong g\u1ed3m 1 khay tre \u00e9p c\u00f3 kich th\u01b0\u1edbc 39 x 22 x 10cm, m\u1ed9t \u1ea5m pha tr\u00e0 v\u00e0 s\u00e1u ch\u00e9n u\u1ed1ng tr\u00e0 b\u1eb1ng thu\u1ef7 tinh cao c\u1ea5p, trong su\u1ed1t, \u0111\u01b0\u1ee3c l\u00e0m th\u1ee7 c\u00f4ng ho\u00e0n to\u00e0n.<\/p>\n","protected":false},"featured_media":226,"comment_status":"open","ping_status":"closed","template":"","meta":[],"product_brand":[],"product_cat":[27,18],"product_tag":[],"class_list":{"0":"post-225","1":"product","2":"type-product","3":"status-publish","4":"has-post-thumbnail","6":"product_cat-qua-tang-tet-2026","7":"product_cat-tra-cu","9":"first","10":"instock","11":"sale","12":"shipping-taxable","13":"purchasable","14":"product-type-simple"},"yoast_head":"<!-- This site is optimized with the Yoast SEO plugin v26.9 - https:\/\/yoast.com\/product\/yoast-seo-wordpress\/ -->\n<title>B\u1ed9 \u1ea4m Tr\u00e0 Thu\u1ef7 Tinh \u0110\u1ed1i \u1ea8m - \u00c1i Tr\u00e0<\/title>\n<meta name=\"robots\" content=\"index, follow, max-snippet:-1, max-image-preview:large, max-video-preview:-1\" \/>\n<link rel=\"canonical\" href=\"https:\/\/caynhalavuon.azdigi.shop\/index.php\/san-pham\/225\/\" \/>\n<meta property=\"og:locale\" content=\"vi_VN\" \/>\n<meta property=\"og:type\" content=\"article\" \/>\n<meta property=\"og:title\" content=\"B\u1ed9 \u1ea4m Tr\u00e0 Thu\u1ef7 Tinh \u0110\u1ed1i \u1ea8m - \u00c1i Tr\u00e0\" \/>\n<meta property=\"og:description\" content=\"B\u1ed9 \u1ea5m thu\u1ef7 tinh L\u1ee5c \u1ea8m \u00a0c\u00f3 k\u00edch th\u01b0\u1edbc 39 x 22 x 10cm. B\u00ean ngo\u00e0i l\u00e0 h\u1ed9p qu\u00e0 c\u1ee9ng, sang tr\u1ecdng b\u1eb1ng ch\u1ea5t li\u1ec7u gi\u1ea5y m\u1ef9 thu\u1eadt \u0111en \u2013 \u0111\u1ecf. Hoa v\u0103n \u00e9p kim nh\u0169 v\u00e0ng sang tr\u1ecdng.  B\u00ean trong g\u1ed3m 1 khay tre \u00e9p c\u00f3 kich th\u01b0\u1edbc 39 x 22 x 10cm, m\u1ed9t \u1ea5m pha tr\u00e0 v\u00e0 s\u00e1u ch\u00e9n u\u1ed1ng tr\u00e0 b\u1eb1ng thu\u1ef7 tinh cao c\u1ea5p, trong su\u1ed1t, \u0111\u01b0\u1ee3c l\u00e0m th\u1ee7 c\u00f4ng ho\u00e0n to\u00e0n.\" \/>\n<meta property=\"og:url\" content=\"https:\/\/caynhalavuon.azdigi.shop\/index.php\/san-pham\/225\/\" \/>\n<meta property=\"og:site_name\" content=\"\u00c1i Tr\u00e0\" \/>\n<meta property=\"article:modified_time\" content=\"2026-04-02T14:09:04+00:00\" \/>\n<meta property=\"og:image\" content=\"https:\/\/caynhalavuon.azdigi.shop\/wp-content\/uploads\/2026\/04\/image-8.jpg\" \/>\n\t<meta property=\"og:image:width\" content=\"1024\" \/>\n\t<meta property=\"og:image:height\" content=\"1024\" \/>\n\t<meta property=\"og:image:type\" content=\"image\/jpeg\" \/>\n<meta name=\"twitter:card\" content=\"summary_large_image\" \/>\n<meta name=\"twitter:label1\" content=\"\u01af\u1edbc t\u00ednh th\u1eddi gian \u0111\u1ecdc\" \/>\n\t<meta name=\"twitter:data1\" content=\"3 ph\u00fat\" \/>\n<script type=\"application\/ld+json\" class=\"yoast-schema-graph\">{\"@context\":\"https:\/\/schema.org\",\"@graph\":[{\"@type\":\"WebPage\",\"@id\":\"https:\/\/caynhalavuon.azdigi.shop\/index.php\/san-pham\/225\/\",\"url\":\"https:\/\/caynhalavuon.azdigi.shop\/index.php\/san-pham\/225\/\",\"name\":\"B\u1ed9 \u1ea4m Tr\u00e0 Thu\u1ef7 Tinh \u0110\u1ed1i \u1ea8m - \u00c1i Tr\u00e0\",\"isPartOf\":{\"@id\":\"https:\/\/caynhalavuon.azdigi.shop\/#website\"},\"primaryImageOfPage\":{\"@id\":\"https:\/\/caynhalavuon.azdigi.shop\/index.php\/san-pham\/225\/#primaryimage\"},\"image\":{\"@id\":\"https:\/\/caynhalavuon.azdigi.shop\/index.php\/san-pham\/225\/#primaryimage\"},\"thumbnailUrl\":\"https:\/\/caynhalavuon.azdigi.shop\/wp-content\/uploads\/2026\/04\/image-8.jpg\",\"datePublished\":\"2026-04-02T09:37:20+00:00\",\"dateModified\":\"2026-04-02T14:09:04+00:00\",\"breadcrumb\":{\"@id\":\"https:\/\/caynhalavuon.azdigi.shop\/index.php\/san-pham\/225\/#breadcrumb\"},\"inLanguage\":\"vi\",\"potentialAction\":[{\"@type\":\"ReadAction\",\"target\":[\"https:\/\/caynhalavuon.azdigi.shop\/index.php\/san-pham\/225\/\"]}]},{\"@type\":\"ImageObject\",\"inLanguage\":\"vi\",\"@id\":\"https:\/\/caynhalavuon.azdigi.shop\/index.php\/san-pham\/225\/#primaryimage\",\"url\":\"https:\/\/caynhalavuon.azdigi.shop\/wp-content\/uploads\/2026\/04\/image-8.jpg\",\"contentUrl\":\"https:\/\/caynhalavuon.azdigi.shop\/wp-content\/uploads\/2026\/04\/image-8.jpg\",\"width\":1024,\"height\":1024},{\"@type\":\"BreadcrumbList\",\"@id\":\"https:\/\/caynhalavuon.azdigi.shop\/index.php\/san-pham\/225\/#breadcrumb\",\"itemListElement\":[{\"@type\":\"ListItem\",\"position\":1,\"name\":\"Trang ch\u1ee7\",\"item\":\"https:\/\/caynhalavuon.azdigi.shop\/\"},{\"@type\":\"ListItem\",\"position\":2,\"name\":\"C\u1eeda h\u00e0ng\",\"item\":\"https:\/\/caynhalavuon.azdigi.shop\/index.php\/cua-hang\/\"},{\"@type\":\"ListItem\",\"position\":3,\"name\":\"B\u1ed9 \u1ea4m Tr\u00e0 Thu\u1ef7 Tinh \u0110\u1ed1i \u1ea8m\"}]},{\"@type\":\"WebSite\",\"@id\":\"https:\/\/caynhalavuon.azdigi.shop\/#website\",\"url\":\"https:\/\/caynhalavuon.azdigi.shop\/\",\"name\":\"caynhalavuon\",\"description\":\"\",\"publisher\":{\"@id\":\"https:\/\/caynhalavuon.azdigi.shop\/#organization\"},\"potentialAction\":[{\"@type\":\"SearchAction\",\"target\":{\"@type\":\"EntryPoint\",\"urlTemplate\":\"https:\/\/caynhalavuon.azdigi.shop\/?s={search_term_string}\"},\"query-input\":{\"@type\":\"PropertyValueSpecification\",\"valueRequired\":true,\"valueName\":\"search_term_string\"}}],\"inLanguage\":\"vi\"},{\"@type\":\"Organization\",\"@id\":\"https:\/\/caynhalavuon.azdigi.shop\/#organization\",\"name\":\"The Tea Corner\",\"url\":\"https:\/\/caynhalavuon.azdigi.shop\/\",\"logo\":{\"@type\":\"ImageObject\",\"inLanguage\":\"vi\",\"@id\":\"https:\/\/caynhalavuon.azdigi.shop\/#\/schema\/logo\/image\/\",\"url\":\"https:\/\/caynhalavuon.azdigi.shop\/wp-content\/uploads\/2026\/02\/67304b6f-12af-4771-bfe8-8710db352713.png\",\"contentUrl\":\"https:\/\/caynhalavuon.azdigi.shop\/wp-content\/uploads\/2026\/02\/67304b6f-12af-4771-bfe8-8710db352713.png\",\"width\":1024,\"height\":1024,\"caption\":\"The Tea Corner\"},\"image\":{\"@id\":\"https:\/\/caynhalavuon.azdigi.shop\/#\/schema\/logo\/image\/\"}}]}<\/script>\n<!-- \/ Yoast SEO plugin. -->","yoast_head_json":{"title":"B\u1ed9 \u1ea4m Tr\u00e0 Thu\u1ef7 Tinh \u0110\u1ed1i \u1ea8m - \u00c1i Tr\u00e0","robots":{"index":"index","follow":"follow","max-snippet":"max-snippet:-1","max-image-preview":"max-image-preview:large","max-video-preview":"max-video-preview:-1"},"canonical":"https:\/\/caynhalavuon.azdigi.shop\/index.php\/san-pham\/225\/","og_locale":"vi_VN","og_type":"article","og_title":"B\u1ed9 \u1ea4m Tr\u00e0 Thu\u1ef7 Tinh \u0110\u1ed1i \u1ea8m - \u00c1i Tr\u00e0","og_description":"B\u1ed9 \u1ea5m thu\u1ef7 tinh L\u1ee5c \u1ea8m \u00a0c\u00f3 k\u00edch th\u01b0\u1edbc 39 x 22 x 10cm. B\u00ean ngo\u00e0i l\u00e0 h\u1ed9p qu\u00e0 c\u1ee9ng, sang tr\u1ecdng b\u1eb1ng ch\u1ea5t li\u1ec7u gi\u1ea5y m\u1ef9 thu\u1eadt \u0111en \u2013 \u0111\u1ecf. Hoa v\u0103n \u00e9p kim nh\u0169 v\u00e0ng sang tr\u1ecdng.  B\u00ean trong g\u1ed3m 1 khay tre \u00e9p c\u00f3 kich th\u01b0\u1edbc 39 x 22 x 10cm, m\u1ed9t \u1ea5m pha tr\u00e0 v\u00e0 s\u00e1u ch\u00e9n u\u1ed1ng tr\u00e0 b\u1eb1ng thu\u1ef7 tinh cao c\u1ea5p, trong su\u1ed1t, \u0111\u01b0\u1ee3c l\u00e0m th\u1ee7 c\u00f4ng ho\u00e0n to\u00e0n.","og_url":"https:\/\/caynhalavuon.azdigi.shop\/index.php\/san-pham\/225\/","og_site_name":"\u00c1i Tr\u00e0","article_modified_time":"2026-04-02T14:09:04+00:00","og_image":[{"width":1024,"height":1024,"url":"https:\/\/caynhalavuon.azdigi.shop\/wp-content\/uploads\/2026\/04\/image-8.jpg","type":"image\/jpeg"}],"twitter_card":"summary_large_image","twitter_misc":{"\u01af\u1edbc t\u00ednh th\u1eddi gian \u0111\u1ecdc":"3 ph\u00fat"},"schema":{"@context":"https:\/\/schema.org","@graph":[{"@type":"WebPage","@id":"https:\/\/caynhalavuon.azdigi.shop\/index.php\/san-pham\/225\/","url":"https:\/\/caynhalavuon.azdigi.shop\/index.php\/san-pham\/225\/","name":"B\u1ed9 \u1ea4m Tr\u00e0 Thu\u1ef7 Tinh \u0110\u1ed1i \u1ea8m - \u00c1i Tr\u00e0","isPartOf":{"@id":"https:\/\/caynhalavuon.azdigi.shop\/#website"},"primaryImageOfPage":{"@id":"https:\/\/caynhalavuon.azdigi.shop\/index.php\/san-pham\/225\/#primaryimage"},"image":{"@id":"https:\/\/caynhalavuon.azdigi.shop\/index.php\/san-pham\/225\/#primaryimage"},"thumbnailUrl":"https:\/\/caynhalavuon.azdigi.shop\/wp-content\/uploads\/2026\/04\/image-8.jpg","datePublished":"2026-04-02T09:37:20+00:00","dateModified":"2026-04-02T14:09:04+00:00","breadcrumb":{"@id":"https:\/\/caynhalavuon.azdigi.shop\/index.php\/san-pham\/225\/#breadcrumb"},"inLanguage":"vi","potentialAction":[{"@type":"ReadAction","target":["https:\/\/caynhalavuon.azdigi.shop\/index.php\/san-pham\/225\/"]}]},{"@type":"ImageObject","inLanguage":"vi","@id":"https:\/\/caynhalavuon.azdigi.shop\/index.php\/san-pham\/225\/#primaryimage","url":"https:\/\/caynhalavuon.azdigi.shop\/wp-content\/uploads\/2026\/04\/image-8.jpg","contentUrl":"https:\/\/caynhalavuon.azdigi.shop\/wp-content\/uploads\/2026\/04\/image-8.jpg","width":1024,"height":1024},{"@type":"BreadcrumbList","@id":"https:\/\/caynhalavuon.azdigi.shop\/index.php\/san-pham\/225\/#breadcrumb","itemListElement":[{"@type":"ListItem","position":1,"name":"Trang ch\u1ee7","item":"https:\/\/caynhalavuon.azdigi.shop\/"},{"@type":"ListItem","position":2,"name":"C\u1eeda h\u00e0ng","item":"https:\/\/caynhalavuon.azdigi.shop\/index.php\/cua-hang\/"},{"@type":"ListItem","position":3,"name":"B\u1ed9 \u1ea4m Tr\u00e0 Thu\u1ef7 Tinh \u0110\u1ed1i \u1ea8m"}]},{"@type":"WebSite","@id":"https:\/\/caynhalavuon.azdigi.shop\/#website","url":"https:\/\/caynhalavuon.azdigi.shop\/","name":"caynhalavuon","description":"","publisher":{"@id":"https:\/\/caynhalavuon.azdigi.shop\/#organization"},"potentialAction":[{"@type":"SearchAction","target":{"@type":"EntryPoint","urlTemplate":"https:\/\/caynhalavuon.azdigi.shop\/?s={search_term_string}"},"query-input":{"@type":"PropertyValueSpecification","valueRequired":true,"valueName":"search_term_string"}}],"inLanguage":"vi"},{"@type":"Organization","@id":"https:\/\/caynhalavuon.azdigi.shop\/#organization","name":"The Tea Corner","url":"https:\/\/caynhalavuon.azdigi.shop\/","logo":{"@type":"ImageObject","inLanguage":"vi","@id":"https:\/\/caynhalavuon.azdigi.shop\/#\/schema\/logo\/image\/","url":"https:\/\/caynhalavuon.azdigi.shop\/wp-content\/uploads\/2026\/02\/67304b6f-12af-4771-bfe8-8710db352713.png","contentUrl":"https:\/\/caynhalavuon.azdigi.shop\/wp-content\/uploads\/2026\/02\/67304b6f-12af-4771-bfe8-8710db352713.png","width":1024,"height":1024,"caption":"The Tea Corner"},"image":{"@id":"https:\/\/caynhalavuon.azdigi.shop\/#\/schema\/logo\/image\/"}}]}},"_links":{"self":[{"href":"https:\/\/caynhalavuon.azdigi.shop\/index.php\/wp-json\/wp\/v2\/product\/225","targetHints":{"allow":["GET"]}}],"collection":[{"href":"https:\/\/caynhalavuon.azdigi.shop\/index.php\/wp-json\/wp\/v2\/product"}],"about":[{"href":"https:\/\/caynhalavuon.azdigi.shop\/index.php\/wp-json\/wp\/v2\/types\/product"}],"replies":[{"embeddable":true,"href":"https:\/\/caynhalavuon.azdigi.shop\/index.php\/wp-json\/wp\/v2\/comments?post=225"}],"wp:featuredmedia":[{"embeddable":true,"href":"https:\/\/caynhalavuon.azdigi.shop\/index.php\/wp-json\/wp\/v2\/media\/226"}],"wp:attachment":[{"href":"https:\/\/caynhalavuon.azdigi.shop\/index.php\/wp-json\/wp\/v2\/media?parent=225"}],"wp:term":[{"taxonomy":"product_brand","embeddable":true,"href":"https:\/\/caynhalavuon.azdigi.shop\/index.php\/wp-json\/wp\/v2\/product_brand?post=225"},{"taxonomy":"product_cat","embeddable":true,"href":"https:\/\/caynhalavuon.azdigi.shop\/index.php\/wp-json\/wp\/v2\/product_cat?post=225"},{"taxonomy":"product_tag","embeddable":true,"href":"https:\/\/caynhalavuon.azdigi.shop\/index.php\/wp-json\/wp\/v2\/product_tag?post=225"}],"curies":[{"name":"wp","href":"https:\/\/api.w.org\/{rel}","templated":true}]}}